{"id":94613,"date":"2023-06-27T11:26:10","date_gmt":"2023-06-27T09:26:10","guid":{"rendered":"https:\/\/madelinefashion.pl\/?post_type=product&#038;p=94613"},"modified":"2025-09-09T10:13:11","modified_gmt":"2025-09-09T08:13:11","slug":"pareo-koronkowe-mirini-bezowe","status":"publish","type":"product","link":"https:\/\/madelinefashion.pl\/sk\/pareo-koronkowe-mirini-bezowe\/","title":{"rendered":"\u010cipka Pareo Mirini B\u00e9\u017eov\u00e1"},"content":{"rendered":"<h3 style=\"text-align: center;\">\u010cipka Pareo Mirini B\u00e9\u017eov\u00e1<\/h3>\n<p style=\"text-align: center;\">Fantastick\u00fd <strong>letn\u00e9 \u010dipkovan\u00e9 pareo so zav\u00e4zovan\u00edm vpredu ide\u00e1lne na pl\u00e1\u017e <\/strong>kr\u00e1sne kontrastuje s op\u00e1len\u00edm. Zv\u00fdraz\u0148uje jeho farbu a p\u00f4sob\u00ed \u0161t\u00fdlovo. \u010cipka p\u00f4sob\u00ed \u013eahko a vzdu\u0161ne. Peler\u00edna s dlh\u0161\u00edm zadn\u00fdm dielom je skvel\u00fdm n\u00e1vrhom na v\u00fdlet na pl\u00e1\u017e. Peler\u00edna je ve\u013emi pohodln\u00e1, vyroben\u00e1 z kvalitn\u00fdch materi\u00e1lov. V\u010faka vo\u013en\u00e9mu strihu sa budete c\u00edti\u0165 ve\u013emi pohodlne. <strong>Pl\u00e1\u017eov\u00e9 prikr\u00fdvky<\/strong> m\u00f4\u017eu by\u0165 perfektn\u00fdm, ve\u013emi sexi doplnkom nielen na pl\u00e1\u017e, ale aj ako dokonal\u00e1 peler\u00edna na ve\u010dern\u00e9 vych\u00e1dzky. Poskytuje vo\u013enos\u0165 pohybu a umo\u017e\u0148uje poko\u017eke d\u00fdcha\u0165. Skombinuj na\u0161u peler\u00ednu s jedine\u010dn\u00fdmi bikinami. Ve\u013ekos\u0165 odpor\u00fa\u010dan\u00e1 pre d\u00e1my <strong>XS SML XL<\/strong> ak nos\u00edte v\u00e4\u010d\u0161iu ve\u013ekos\u0165, pozrite sa na miery;<\/p>\n<h3 style=\"text-align: center;\">Rozmery:<\/h3>\n<p>&nbsp;<\/p>\n<ul style=\"text-align: center;\">\n<li>celkov\u00e1 predn\u00e1 d\u013a\u017eka: 78 cm<\/li>\n<li>\u0161\u00edrka od pazuchy po pazuchu: 42-49 cm<\/li>\n<li>\u0161\u00edrka p\u00e1sa: 45-52 cm<\/li>\n<li>d\u013a\u017eka ruk\u00e1va: 37 cm<\/li>\n<li>d\u013a\u017eka ruk\u00e1va od pazuchy 21 cm<\/li>\n<\/ul>\n<p style=\"text-align: center;\">Rozmery sa m\u00f4\u017eu mierne l\u00ed\u0161i\u0165 od uveden\u00fdch +\/- 2cm. V\u0161etky uveden\u00e9 rozmery s\u00fa meran\u00e9 plo\u0161ne.\u00a0<strong>rozmer x2<\/strong><\/p>\n<p style=\"text-align: center;\"><strong>\u00a0<\/strong><\/p>\n<p>&nbsp;<\/p>\n<table>\n<tbody>\n<tr>\n<td width=\"302\">Meno modela<\/td>\n<td width=\"302\">Mirini Lace Pareo<\/td>\n<\/tr>\n<tr>\n<td width=\"302\">Farba<\/td>\n<td width=\"302\"><span style=\"font-size: 13.3333px;\">B\u00e9\u017eov\u00e1<\/span><\/td>\n<\/tr>\n<tr>\n<td width=\"302\">M\u00f3da<\/td>\n<td width=\"302\">nadrozmern\u00e9<\/td>\n<\/tr>\n<tr>\n<td width=\"302\">Materi\u00e1l<\/td>\n<td width=\"302\">100 % bavlna<\/td>\n<\/tr>\n<tr>\n<td width=\"302\">D\u013a\u017eka<\/td>\n<td width=\"302\">Do p\u00e1sa<\/td>\n<\/tr>\n<\/tbody>\n<\/table>\n<p>&nbsp;<\/p>\n<div class=\"additional-details\" style=\"text-align: center;\">\n<p>Model m\u00e1\u00a0<strong>169<\/strong>\u00a0cm vysok\u00fd, nos\u00ed ve\u013ekos\u0165 ka\u017ed\u00fd de\u0148\u00a0<strong>S<\/strong><\/p>\n<p>\u0160\u00edrka cez prsia 92 cm<\/p>\n<p>\u0160\u00edrka v p\u00e1se 62 cm<\/p>\n<p>\u0160\u00edrka v bokoch 94 cm<\/p>\n<p>&nbsp;<\/p>\n<p style=\"text-align: center;\">\n<\/div>","protected":false},"excerpt":{"rendered":"<p>Pareo Koronkowe Mirini Be\u017cowe Fantastyczne letnie pareo koronkowe wi\u0105zane z przodu idealne na pla\u017c\u0119 pi\u0119knie kontrastuje z opalenizn\u0105. Podkre\u015bla jej kolor oraz wygl\u0105da stylowo. Koronka sprawia, \u017ce wygl\u0105da lekko i jest przewiewna. Narzutka z d\u0142u\u017cszym ty\u0142em to wspania\u0142a propozycja na pla\u017cowy, wakacyjny wypad. Narzutka jest bardzo wygodna, wykonana z wysokiej jako\u015bci materia\u0142\u00f3w. Swobodny fason sprawia,<\/p>\n<div class=\"klb-readmore post-buttons\"><a class=\"button black outline size-sm\" href=\"https:\/\/madelinefashion.pl\/sk\/pareo-koronkowe-mirini-bezowe\/\">\u010c\u00edta\u0165 \u010falej <i class=\"klbth-icon-right-arrow\"><\/i><\/a><\/div>","protected":false},"featured_media":94581,"template":"","meta":[],"product_brand":[],"product_cat":[125],"product_tag":[162],"class_list":{"0":"post-94613","1":"product","2":"type-product","3":"status-publish","4":"has-post-thumbnail","6":"product_cat-sukienki","7":"product_tag-narzutka","9":"first","10":"instock","11":"purchasable","12":"product-type-simple"},"_links":{"self":[{"href":"https:\/\/madelinefashion.pl\/sk\/wp-json\/wp\/v2\/product\/94613","targetHints":{"allow":["GET"]}}],"collection":[{"href":"https:\/\/madelinefashion.pl\/sk\/wp-json\/wp\/v2\/product"}],"about":[{"href":"https:\/\/madelinefashion.pl\/sk\/wp-json\/wp\/v2\/types\/product"}],"wp:featuredmedia":[{"embeddable":true,"href":"https:\/\/madelinefashion.pl\/sk\/wp-json\/wp\/v2\/media\/94581"}],"wp:attachment":[{"href":"https:\/\/madelinefashion.pl\/sk\/wp-json\/wp\/v2\/media?parent=94613"}],"wp:term":[{"taxonomy":"product_brand","embeddable":true,"href":"https:\/\/madelinefashion.pl\/sk\/wp-json\/wp\/v2\/product_brand?post=94613"},{"taxonomy":"product_cat","embeddable":true,"href":"https:\/\/madelinefashion.pl\/sk\/wp-json\/wp\/v2\/product_cat?post=94613"},{"taxonomy":"product_tag","embeddable":true,"href":"https:\/\/madelinefashion.pl\/sk\/wp-json\/wp\/v2\/product_tag?post=94613"}],"curies":[{"name":"pracovn\u00fd list","href":"https:\/\/api.w.org\/{rel}","templated":true}]}}

Čipka Pareo Mirini Béžová

<h3 style="text-align: center;">Čipka Pareo Mirini Béžová</h3>
<p style="text-align: center;">Fantastický <strong>letné čipkované pareo so zaväzovaním vpredu ideálne na pláž </strong>krásne kontrastuje s opálením. Zvýrazňuje jeho farbu a pôsobí štýlovo. Čipka pôsobí ľahko a vzdušne. Pelerína s dlhším zadným dielom je skvelým návrhom na výlet na pláž. Pelerína je veľmi pohodlná, vyrobená z kvalitných materiálov. Vďaka voľnému strihu sa budete cítiť veľmi pohodlne. <strong>Plážové prikrývky</strong> môžu byť perfektným, veľmi sexi doplnkom nielen na pláž, ale aj ako dokonalá pelerína na večerné vychádzky. Poskytuje voľnosť pohybu a umožňuje pokožke dýchať. Skombinuj našu pelerínu s jedinečnými bikinami. Veľkosť odporúčaná pre dámy <strong>XS SML XL</strong> ak nosíte väčšiu veľkosť, pozrite sa na miery;</p>
<h3 style="text-align: center;">Rozmery:</h3>
<p>&nbsp;</p>
<ul style="text-align: center;">
<li>celková predná dĺžka: 78 cm</li>
<li>šírka od pazuchy po pazuchu: 42-49 cm</li>
<li>šírka pása: 45-52 cm</li>
<li>dĺžka rukáva: 37 cm</li>
<li>dĺžka rukáva od pazuchy 21 cm</li>
</ul>
<p style="text-align: center;">Rozmery sa môžu mierne líšiť od uvedených +/- 2cm. Všetky uvedené rozmery sú merané plošne. <strong>rozmer x2</strong></p>
<p style="text-align: center;"><strong> </strong></p>
<p>&nbsp;</p>
<table>
<tbody>
<tr>
<td width="302">Meno modela</td>
<td width="302">Mirini Lace Pareo</td>
</tr>
<tr>
<td width="302">Farba</td>
<td width="302"><span style="font-size: 13.3333px;">Béžová</span></td>
</tr>
<tr>
<td width="302">Móda</td>
<td width="302">nadrozmerné</td>
</tr>
<tr>
<td width="302">Materiál</td>
<td width="302">100 % bavlna</td>
</tr>
<tr>
<td width="302">Dĺžka</td>
<td width="302">Do pása</td>
</tr>
</tbody>
</table>
<p>&nbsp;</p>
<div class="additional-details" style="text-align: center;">
<p>Model má <strong>169</strong> cm vysoký, nosí veľkosť každý deň <strong>S</strong></p>
<p>Šírka cez prsia 92 cm</p>
<p>Šírka v páse 62 cm</p>
<p>Šírka v bokoch 94 cm</p>
<p>&nbsp;</p>
<p style="text-align: center;">
</div>

<p>Pareo Koronkowe Mirini Beżowe Fantastyczne letnie pareo koronkowe wiązane z przodu idealne na plażę pięknie kontrastuje z opalenizną. Podkreśla jej kolor oraz wygląda stylowo. Koronka sprawia, że wygląda lekko i jest przewiewna. Narzutka z dłuższym tyłem to wspaniała propozycja na plażowy, wakacyjny wypad. Narzutka jest bardzo wygodna, wykonana z wysokiej jakości materiałów. Swobodny fason sprawia,</p>
<div class="klb-readmore post-buttons"><a class="button black outline size-sm" href="https://madelinefashion.pl/sk/pareo-koronkowe-mirini-bezowe/">Čítať ďalej <i class="klbth-icon-right-arrow"></i></a></div>

pracovný list
