{"id":9462,"date":"2021-04-23T21:47:15","date_gmt":"2021-04-23T19:47:15","guid":{"rendered":"https:\/\/madelinefashion.pl\/?post_type=product&#038;p=9462"},"modified":"2023-03-28T15:19:50","modified_gmt":"2023-03-28T13:19:50","slug":"komplet-bluzka-spodenki-love-khaki","status":"publish","type":"product","link":"https:\/\/madelinefashion.pl\/sk\/komplet-bluzka-spodenki-love-khaki\/","title":{"rendered":"S\u00faprava Bl\u00fazka + \u0160ortky Love Khaki"},"content":{"rendered":"<h3 style=\"text-align: center;\"><span style=\"vertical-align: inherit;\"><span style=\"vertical-align: inherit;\">S\u00faprava Bl\u00fazka + \u0160ortky Love Khaki<\/span><\/span><\/h3>\n<p style=\"text-align: center;\"><strong><span style=\"vertical-align: inherit;\"><span style=\"vertical-align: inherit;\">S\u00faprava Bl\u00fazka + \u0160ortky Love Khaki<\/span><\/span><\/strong><span style=\"vertical-align: inherit;\"><span style=\"vertical-align: inherit;\"> vyroben\u00e9 z ve\u013emi kvalitnej, m\u00e4kkej a <\/span><\/span><strong><span style=\"vertical-align: inherit;\"><span style=\"vertical-align: inherit;\">pr\u00edjemn\u00e9<\/span><\/span><\/strong><span style=\"vertical-align: inherit;\"><span style=\"vertical-align: inherit;\"> v kontakte <\/span><\/span><strong><span style=\"vertical-align: inherit;\"><span style=\"vertical-align: inherit;\">materi\u00e1l<\/span><\/span><\/strong><span style=\"vertical-align: inherit;\"><span style=\"vertical-align: inherit;\"> . <\/span><span style=\"vertical-align: inherit;\">Tepl\u00e1kov\u00e1 s\u00faprava s p\u00e1skou <\/span><\/span><strong><span style=\"vertical-align: inherit;\"><span style=\"vertical-align: inherit;\">L\u00e1ska<\/span><\/span><\/strong><span style=\"vertical-align: inherit;\"><span style=\"vertical-align: inherit;\"> v spodnej \u010dasti bl\u00fazky a v p\u00e1se na \u0161ortk\u00e1ch. <\/span><span style=\"vertical-align: inherit;\">Kr\u00e1tka tepl\u00e1kov\u00e1 s\u00faprava <\/span><\/span><strong>\u00a0<\/strong><span style=\"vertical-align: inherit;\"><span style=\"vertical-align: inherit;\">je vynikaj\u00facou ponukou pre t\u00fdch, ktor\u00ed miluj\u00fa ma\u0165 ka\u017ed\u00fd de\u0148 pocit pohodlia a z\u00e1rove\u0148 pocit priate\u013esk\u00e9ho a m\u00e4kk\u00e9ho dotyku. <\/span><span style=\"vertical-align: inherit;\">S\u00faprava je vyroben\u00e1 z kvalitn\u00e9ho materi\u00e1lu - je ve\u013emi pr\u00edjemn\u00e1 na dotyk a zvn\u00fatra ve\u013emi jemn\u00e1. <\/span><span style=\"vertical-align: inherit;\">Komplet obsahuje tri\u010dko kr\u00e1tky kr\u00e1tky \u010das + \u0161ortky s elastick\u00fdm p\u00e1som + celok vytvoril ve\u013emi \u0161t\u00fdlov\u00fd a efektn\u00fd komplet <\/span><\/span><br \/>\n<span style=\"vertical-align: inherit;\"><span style=\"vertical-align: inherit;\">S\u00faprava v univerz\u00e1lnej ve\u013ekosti odpor\u00fa\u010dan\u00e1 pre \u017eeny vo ve\u013ekosti <\/span><\/span><strong><span style=\"vertical-align: inherit;\"><span style=\"vertical-align: inherit;\">SML XL<\/span><\/span><\/strong><span style=\"vertical-align: inherit;\"><span style=\"vertical-align: inherit;\"> . <\/span><\/span><br \/>\n<span style=\"vertical-align: inherit;\"><span style=\"vertical-align: inherit;\">T\u00fato s\u00fapravu rozhodne mus\u00edte ma\u0165<\/span><\/span><strong><span style=\"vertical-align: inherit;\"><span style=\"vertical-align: inherit;\">v\u00e1\u0161 \u0161atn\u00edk<\/span><\/span><\/strong><span style=\"vertical-align: inherit;\"><span style=\"vertical-align: inherit;\"> ! <\/span><\/span><br \/>\n<span style=\"vertical-align: inherit;\"><span style=\"vertical-align: inherit;\">Skontrolujte tie\u017e\u00a0 <\/span><\/span><a href=\"https:\/\/madelinefashion.pl\/sk\/product-tag\/komplety-dresowe\/\"><span style=\"vertical-align: inherit;\"><span style=\"vertical-align: inherit;\">k dispoz\u00edcii d\u00e1mske tepl\u00e1kov\u00e9 s\u00fapravy<\/span><\/span><\/a><span style=\"vertical-align: inherit;\"><span style=\"vertical-align: inherit;\"> \u00a0v na\u0161ej najnov\u0161ej ponuke.<\/span><\/span><\/p>\n<h3 style=\"text-align: center;\"><span style=\"vertical-align: inherit;\"><span style=\"vertical-align: inherit;\">\u00a0 \u00a0 \u00a0Rozmery:<\/span><\/span><\/h3>\n<p align=\"center\"><strong><span style=\"vertical-align: inherit;\"><span style=\"vertical-align: inherit;\">Bl\u00fazka:<\/span><\/span><\/strong><br \/>\n<span style=\"vertical-align: inherit;\"><span style=\"vertical-align: inherit;\"> Celkov\u00e1 predn\u00e1 d\u013a\u017eka - 44 cm <\/span><\/span><br \/>\n<span style=\"vertical-align: inherit;\"><span style=\"vertical-align: inherit;\">\u0160\u00edrka od pazuchy po pazuchu - 43-52 cm <\/span><\/span><br \/>\n<span style=\"vertical-align: inherit;\"><span style=\"vertical-align: inherit;\">\u0160\u00edrka p\u00e1sa -31-47 cm<\/span><\/span><\/p>\n<p align=\"center\"><strong><span style=\"vertical-align: inherit;\"><span style=\"vertical-align: inherit;\">\u0160ortky:<\/span><\/span><\/strong><br \/>\n<span style=\"vertical-align: inherit;\"><span style=\"vertical-align: inherit;\"> Celkov\u00e1 d\u013a\u017eka -33 cm <\/span><\/span><br \/>\n<span style=\"vertical-align: inherit;\"><span style=\"vertical-align: inherit;\">P\u00e1s - 29 cm <\/span><\/span><br \/>\n<span style=\"vertical-align: inherit;\"><span style=\"vertical-align: inherit;\">\u0160\u00edrka p\u00e1sa - 36-48 cm<\/span><\/span><\/p>\n<p style=\"text-align: center;\"><span style=\"vertical-align: inherit;\"><span style=\"vertical-align: inherit;\">Rozmery sa m\u00f4\u017eu l\u00ed\u0161i\u0165 od uveden\u00fdch +\/- 2cm. <\/span><\/span><strong><span style=\"vertical-align: inherit;\"><span style=\"vertical-align: inherit;\">V\u0161etky rozmery s\u00fa meran\u00e9 plo\u0161ne x2\u00a0<\/span><\/span><\/strong><\/p>\n<h3 style=\"text-align: center;\"><\/h3>\n<table width=\"615\">\n<tbody>\n<tr>\n<td width=\"302\"><span style=\"vertical-align: inherit;\"><span style=\"vertical-align: inherit;\">Meno modela<\/span><\/span><\/td>\n<td width=\"302\"><span style=\"vertical-align: inherit;\"><span style=\"vertical-align: inherit;\">S\u00faprava Bl\u00fazka + \u0160ortky L\u00e1ska<\/span><\/span><\/td>\n<\/tr>\n<tr>\n<td width=\"302\"><span style=\"vertical-align: inherit;\"><span style=\"vertical-align: inherit;\">Farba<\/span><\/span><\/td>\n<td width=\"302\"><span style=\"vertical-align: inherit;\"><span style=\"vertical-align: inherit;\">kaki<\/span><\/span><\/td>\n<\/tr>\n<tr>\n<td width=\"302\"><span style=\"vertical-align: inherit;\"><span style=\"vertical-align: inherit;\">ve\u013ekosti<\/span><\/span><\/td>\n<td width=\"302\"><span style=\"vertical-align: inherit;\"><span style=\"vertical-align: inherit;\">Univerz\u00e1lny<\/span><\/span><\/td>\n<\/tr>\n<tr>\n<td width=\"302\"><span style=\"vertical-align: inherit;\"><span style=\"vertical-align: inherit;\">M\u00f3da<\/span><\/span><\/td>\n<td width=\"302\"><span style=\"vertical-align: inherit;\"><span style=\"vertical-align: inherit;\">Zhoda<\/span><\/span><\/td>\n<\/tr>\n<tr>\n<td width=\"302\"><span style=\"vertical-align: inherit;\"><span style=\"vertical-align: inherit;\">Materi\u00e1l<\/span><\/span><\/td>\n<td width=\"302\"><span style=\"vertical-align: inherit;\"><span style=\"vertical-align: inherit;\">95% Bavlna 5% Elastan<\/span><\/span><\/td>\n<\/tr>\n<\/tbody>\n<\/table>\n<p>&nbsp;<\/p>\n<div class=\"tabs tabs-bb clear mb-80\">\n<div class=\"tab-content\">\n<div id=\"tab-description\" class=\"tab-pane fade in woocommerce-Tabs-panel--description active\">\n<div class=\"tabs tabs-bb clear mb-80\">\n<div class=\"tab-content\">\n<div id=\"tab-description\" class=\"tab-pane fade in woocommerce-Tabs-panel--description active\">\n<p style=\"text-align: center;\"><span style=\"vertical-align: inherit;\"><span style=\"vertical-align: inherit;\">\u00a0Model m\u00e1\u00a0 <\/span><\/span><strong><span style=\"vertical-align: inherit;\"><span style=\"vertical-align: inherit;\">165<\/span><\/span><\/strong><span style=\"vertical-align: inherit;\"><span style=\"vertical-align: inherit;\"> \u00a0cm vysok\u00fd, nos\u00ed ve\u013ekos\u0165 ka\u017ed\u00fd de\u0148\u00a0 <\/span><\/span><strong><span style=\"vertical-align: inherit;\"><span style=\"vertical-align: inherit;\">S<\/span><\/span><\/strong><\/p>\n<\/div>\n<\/div>\n<\/div>\n<\/div>\n<\/div>\n<\/div>","protected":false},"excerpt":{"rendered":"<p>Komplet Bluzka + Spodenki Love Khaki Komplet Bluzka + Spodenki Love Khaki wykonany z bardzo dobrej jako\u015bci, mi\u0119kkiego i przyjemnego w dotyku materia\u0142u . Dres z ta\u015bm\u0105 Mi\u0142o\u015b\u0107 na dole bluzki jak iw pasie na spodenkach. Kr\u00f3tki komplet dresowy \u00a0to doskona\u0142a propozycja dla tych, kt\u00f3re uwielbiaj\u0105 na co dzie\u0144 mie\u0107 poczucie komfortu, a przy tym<\/p>\n<div class=\"klb-readmore post-buttons\"><a class=\"button black outline size-sm\" href=\"https:\/\/madelinefashion.pl\/sk\/komplet-bluzka-spodenki-love-khaki\/\">\u010c\u00edta\u0165 \u010falej <i class=\"klbth-icon-right-arrow\"><\/i><\/a><\/div>","protected":false},"featured_media":9442,"template":"","meta":[],"product_brand":[],"product_cat":[89],"product_tag":[282],"class_list":{"0":"post-9462","1":"product","2":"type-product","3":"status-publish","4":"has-post-thumbnail","6":"product_cat-komplety","7":"product_tag-komplety-dresowe","8":"pa_rozmiar-s-m","9":"pa_rozmiar-l-xl","11":"first","12":"instock","13":"purchasable","14":"product-type-simple"},"_links":{"self":[{"href":"https:\/\/madelinefashion.pl\/sk\/wp-json\/wp\/v2\/product\/9462","targetHints":{"allow":["GET"]}}],"collection":[{"href":"https:\/\/madelinefashion.pl\/sk\/wp-json\/wp\/v2\/product"}],"about":[{"href":"https:\/\/madelinefashion.pl\/sk\/wp-json\/wp\/v2\/types\/product"}],"wp:featuredmedia":[{"embeddable":true,"href":"https:\/\/madelinefashion.pl\/sk\/wp-json\/wp\/v2\/media\/9442"}],"wp:attachment":[{"href":"https:\/\/madelinefashion.pl\/sk\/wp-json\/wp\/v2\/media?parent=9462"}],"wp:term":[{"taxonomy":"product_brand","embeddable":true,"href":"https:\/\/madelinefashion.pl\/sk\/wp-json\/wp\/v2\/product_brand?post=9462"},{"taxonomy":"product_cat","embeddable":true,"href":"https:\/\/madelinefashion.pl\/sk\/wp-json\/wp\/v2\/product_cat?post=9462"},{"taxonomy":"product_tag","embeddable":true,"href":"https:\/\/madelinefashion.pl\/sk\/wp-json\/wp\/v2\/product_tag?post=9462"}],"curies":[{"name":"pracovn\u00fd list","href":"https:\/\/api.w.org\/{rel}","templated":true}]}}

Súprava Blúzka + Šortky Love Khaki

<h3 style="text-align: center;"><span style="vertical-align: inherit;"><span style="vertical-align: inherit;">Súprava Blúzka + Šortky Love Khaki</span></span></h3>
<p style="text-align: center;"><strong><span style="vertical-align: inherit;"><span style="vertical-align: inherit;">Súprava Blúzka + Šortky Love Khaki</span></span></strong><span style="vertical-align: inherit;"><span style="vertical-align: inherit;"> vyrobené z veľmi kvalitnej, mäkkej a </span></span><strong><span style="vertical-align: inherit;"><span style="vertical-align: inherit;">príjemné</span></span></strong><span style="vertical-align: inherit;"><span style="vertical-align: inherit;"> v kontakte </span></span><strong><span style="vertical-align: inherit;"><span style="vertical-align: inherit;">materiál</span></span></strong><span style="vertical-align: inherit;"><span style="vertical-align: inherit;"> . </span><span style="vertical-align: inherit;">Tepláková súprava s páskou </span></span><strong><span style="vertical-align: inherit;"><span style="vertical-align: inherit;">Láska</span></span></strong><span style="vertical-align: inherit;"><span style="vertical-align: inherit;"> v spodnej časti blúzky a v páse na šortkách. </span><span style="vertical-align: inherit;">Krátka tepláková súprava </span></span><strong> </strong><span style="vertical-align: inherit;"><span style="vertical-align: inherit;">je vynikajúcou ponukou pre tých, ktorí milujú mať každý deň pocit pohodlia a zároveň pocit priateľského a mäkkého dotyku. </span><span style="vertical-align: inherit;">Súprava je vyrobená z kvalitného materiálu - je veľmi príjemná na dotyk a zvnútra veľmi jemná. </span><span style="vertical-align: inherit;">Komplet obsahuje tričko krátky krátky čas + šortky s elastickým pásom + celok vytvoril veľmi štýlový a efektný komplet </span></span><br />
<span style="vertical-align: inherit;"><span style="vertical-align: inherit;">Súprava v univerzálnej veľkosti odporúčaná pre ženy vo veľkosti </span></span><strong><span style="vertical-align: inherit;"><span style="vertical-align: inherit;">SML XL</span></span></strong><span style="vertical-align: inherit;"><span style="vertical-align: inherit;"> . </span></span><br />
<span style="vertical-align: inherit;"><span style="vertical-align: inherit;">Túto súpravu rozhodne musíte mať</span></span><strong><span style="vertical-align: inherit;"><span style="vertical-align: inherit;">váš šatník</span></span></strong><span style="vertical-align: inherit;"><span style="vertical-align: inherit;"> ! </span></span><br />
<span style="vertical-align: inherit;"><span style="vertical-align: inherit;">Skontrolujte tiež  </span></span><a href="https://madelinefashion.pl/sk/product-tag/komplety-dresowe/"><span style="vertical-align: inherit;"><span style="vertical-align: inherit;">k dispozícii dámske teplákové súpravy</span></span></a><span style="vertical-align: inherit;"><span style="vertical-align: inherit;">  v našej najnovšej ponuke.</span></span></p>
<h3 style="text-align: center;"><span style="vertical-align: inherit;"><span style="vertical-align: inherit;">     Rozmery:</span></span></h3>
<p align="center"><strong><span style="vertical-align: inherit;"><span style="vertical-align: inherit;">Blúzka:</span></span></strong><br />
<span style="vertical-align: inherit;"><span style="vertical-align: inherit;"> Celková predná dĺžka - 44 cm </span></span><br />
<span style="vertical-align: inherit;"><span style="vertical-align: inherit;">Šírka od pazuchy po pazuchu - 43-52 cm </span></span><br />
<span style="vertical-align: inherit;"><span style="vertical-align: inherit;">Šírka pása -31-47 cm</span></span></p>
<p align="center"><strong><span style="vertical-align: inherit;"><span style="vertical-align: inherit;">Šortky:</span></span></strong><br />
<span style="vertical-align: inherit;"><span style="vertical-align: inherit;"> Celková dĺžka -33 cm </span></span><br />
<span style="vertical-align: inherit;"><span style="vertical-align: inherit;">Pás - 29 cm </span></span><br />
<span style="vertical-align: inherit;"><span style="vertical-align: inherit;">Šírka pása - 36-48 cm</span></span></p>
<p style="text-align: center;"><span style="vertical-align: inherit;"><span style="vertical-align: inherit;">Rozmery sa môžu líšiť od uvedených +/- 2cm. </span></span><strong><span style="vertical-align: inherit;"><span style="vertical-align: inherit;">Všetky rozmery sú merané plošne x2 </span></span></strong></p>
<h3 style="text-align: center;"></h3>
<table width="615">
<tbody>
<tr>
<td width="302"><span style="vertical-align: inherit;"><span style="vertical-align: inherit;">Meno modela</span></span></td>
<td width="302"><span style="vertical-align: inherit;"><span style="vertical-align: inherit;">Súprava Blúzka + Šortky Láska</span></span></td>
</tr>
<tr>
<td width="302"><span style="vertical-align: inherit;"><span style="vertical-align: inherit;">Farba</span></span></td>
<td width="302"><span style="vertical-align: inherit;"><span style="vertical-align: inherit;">kaki</span></span></td>
</tr>
<tr>
<td width="302"><span style="vertical-align: inherit;"><span style="vertical-align: inherit;">veľkosti</span></span></td>
<td width="302"><span style="vertical-align: inherit;"><span style="vertical-align: inherit;">Univerzálny</span></span></td>
</tr>
<tr>
<td width="302"><span style="vertical-align: inherit;"><span style="vertical-align: inherit;">Móda</span></span></td>
<td width="302"><span style="vertical-align: inherit;"><span style="vertical-align: inherit;">Zhoda</span></span></td>
</tr>
<tr>
<td width="302"><span style="vertical-align: inherit;"><span style="vertical-align: inherit;">Materiál</span></span></td>
<td width="302"><span style="vertical-align: inherit;"><span style="vertical-align: inherit;">95% Bavlna 5% Elastan</span></span></td>
</tr>
</tbody>
</table>
<p>&nbsp;</p>
<div class="tabs tabs-bb clear mb-80">
<div class="tab-content">
<div id="tab-description" class="tab-pane fade in woocommerce-Tabs-panel--description active">
<div class="tabs tabs-bb clear mb-80">
<div class="tab-content">
<div id="tab-description" class="tab-pane fade in woocommerce-Tabs-panel--description active">
<p style="text-align: center;"><span style="vertical-align: inherit;"><span style="vertical-align: inherit;"> Model má  </span></span><strong><span style="vertical-align: inherit;"><span style="vertical-align: inherit;">165</span></span></strong><span style="vertical-align: inherit;"><span style="vertical-align: inherit;">  cm vysoký, nosí veľkosť každý deň  </span></span><strong><span style="vertical-align: inherit;"><span style="vertical-align: inherit;">S</span></span></strong></p>
</div>
</div>
</div>
</div>
</div>
</div>

<p>Komplet Bluzka + Spodenki Love Khaki Komplet Bluzka + Spodenki Love Khaki wykonany z bardzo dobrej jakości, miękkiego i przyjemnego w dotyku materiału . Dres z taśmą Miłość na dole bluzki jak iw pasie na spodenkach. Krótki komplet dresowy  to doskonała propozycja dla tych, które uwielbiają na co dzień mieć poczucie komfortu, a przy tym</p>
<div class="klb-readmore post-buttons"><a class="button black outline size-sm" href="https://madelinefashion.pl/sk/komplet-bluzka-spodenki-love-khaki/">Čítať ďalej <i class="klbth-icon-right-arrow"></i></a></div>

pracovný list
