{"id":96550,"date":"2023-07-14T15:59:56","date_gmt":"2023-07-14T13:59:56","guid":{"rendered":"https:\/\/madelinefashion.pl\/?post_type=product&#038;p=96550"},"modified":"2026-04-20T17:52:47","modified_gmt":"2026-04-20T15:52:47","slug":"sukienka-cekinowa-zlota-greta","status":"publish","type":"product","link":"https:\/\/madelinefashion.pl\/sk\/sukienka-cekinowa-zlota-greta\/","title":{"rendered":"Zlat\u00e9 flitrov\u00e9 \u0161aty Greta"},"content":{"rendered":"<h3 style=\"text-align: center;\">Zlat\u00e9 flitrov\u00e9 \u0161aty Greta<\/h3>\n<p style=\"text-align: center;\">Flitrov\u00e9 mini\u0161aty so \u0161irok\u00fdmi ramienkami a zlat\u00fdm flitrov\u00fdm ornamentom s\u00fa modelom, ktor\u00fd sa bude hodi\u0165 ako na p\u00e1rty, tak aj na elegantn\u00e9 oslavy. Z pr\u00edjemn\u00e9ho pru\u017en\u00e9ho materi\u00e1lu sa skvele prisp\u00f4sob\u00ed postave a efektn\u00fd vzor zlat\u00fdch a trblietav\u00fdch flitrov na\u0161it\u00fd na b\u00e9\u017eovej sie\u0165ke opticky zo\u0161t\u00edhli a zv\u00fdrazn\u00ed \u017eensk\u00e9 tvary, v\u010faka \u010domu budete vyzera\u0165 \u00fachvatne! \u0160aty sa zap\u00ednaj\u00fa vzadu na zips, maj\u00fa v\u00fdstrih do V, ako na chrbte, tak aj vpredu, kde je v\u00fdstrih navy\u0161e preh\u013aben\u00fd, v\u010faka tylovej vsadke, ktor\u00e1 kr\u00e1sne a decentne zv\u00fdrazn\u00ed poprsie. Ur\u010dite sa v nej budete c\u00edti\u0165 elegantne a zmyselne, up\u00fatate v\u0161etky poh\u013eady! <span style=\"font-size: 10pt;\">Kr\u00e1sne odha\u013euje \u017eensk\u00e9 tvary.. <\/span><span style=\"font-size: 10pt;\">Zozn\u00e1mte sa s na\u0161ou ponukou <strong><a href=\"https:\/\/madelinefashion.pl\/sk\/sukienki-i-kombinezony\/sukienki-okolicznosciowe\/\">ve\u010dern\u00e9 \u0161aty<\/a>\u00a0a vyberte si model, <\/strong>v ktorom budete <strong>vyzera\u0165 ako hviezda a vy\u010dnieva\u0165 z davu. Mini\u0161aty sa vo svetle l\u00e1mp rozpr\u00e1vkovo trblietaj\u00fa. <\/strong>Nem\u00f4\u017eete by\u0165 k tomu \u013eahostajn\u00ed.<strong> \u0160aty v kr\u00e1tkej verzii nad kolen\u00e1 <\/strong><\/span><span style=\"font-size: 10pt;\">\u0160aty maj\u00fa vpredu v\u0161it\u00e9 ko\u0161\u00ed\u010dky, tak\u017ee nemus\u00edte nosi\u0165 podprsenku. Vyroben\u00e9 a \u0161it\u00e9 v Po\u013esku. <strong>\u0160aty <\/strong>k dispoz\u00edcii <\/span><span style=\"font-size: 10pt;\">\u00a0vo ve\u013ekostiach <strong>34, 36, 38<\/strong> , <strong>40<\/strong>\u00a0 <\/span><span style=\"font-size: 10pt;\"><strong>\u00a0<\/strong>\u00a0Dostupn\u00e9 na na\u0161om e-shope vo viacer\u00fdch farebn\u00fdch variantoch, tak nev\u00e1hajte a vyberte si t\u00fa, ktor\u00e1 je pre v\u00e1s ako stvoren\u00e1. Ak sa neviete rozhodn\u00fa\u0165 ak\u00fa farbu, <strong>ve\u013ekos\u0165<\/strong> je pre v\u00e1s to najlep\u0161ie <strong>kontaktuj n\u00e1s<\/strong> cez <a href=\"https:\/\/www.facebook.com\/madelinefashionbutik\" target=\"_blank\" rel=\"noopener\">Facebook<\/a> alebo <a href=\"https:\/\/madelinefashion.pl\/sk\/kontakt\/\">telef\u00f3n<\/a>. Ak ve\u013ekos\u0165 nie je na str\u00e1nke, kontaktujte n\u00e1s.\u00a0<\/span><\/p>\n<h3 style=\"text-align: center;\">ROZMERY \u0161iat:<\/h3>\n<table width=\"556\">\n<tbody>\n<tr>\n<td><strong>VE\u013dKOS\u0164<\/strong><\/td>\n<td><strong>poprsia<\/strong><\/td>\n<td><strong>P\u00e1s<\/strong><\/td>\n<td><strong>Boky<\/strong><\/td>\n<\/tr>\n<tr>\n<td><strong>34<\/strong><\/td>\n<td>84-86<\/td>\n<td>64-68<\/td>\n<td>\u00a082-90<\/td>\n<\/tr>\n<tr>\n<td><strong>36<\/strong><\/td>\n<td>88-90<\/td>\n<td>68-72<\/td>\n<td>\u00a086-92<\/td>\n<\/tr>\n<tr>\n<td><strong>38<\/strong><\/td>\n<td>92-94<\/td>\n<td>72-76<\/td>\n<td>\u00a090-96<\/td>\n<\/tr>\n<tr>\n<td><strong>40<\/strong><\/td>\n<td>96-98<\/td>\n<td>76-80<\/td>\n<td>\u00a094-106<\/td>\n<\/tr>\n<\/tbody>\n<\/table>\n<p style=\"text-align: center;\">\u00a0 celkov\u00e1 d\u013a\u017eka cca 95 cm<\/p>\n<p style=\"text-align: center;\">\u0160aty s\u00fa dostupn\u00e9 aj v in\u00fdch farb\u00e1ch - odpor\u00fa\u010dame v\u00e1m zozn\u00e1mi\u0165 sa s na\u0161imi \u010fal\u0161\u00edmi produktmi.<\/p>\n<p style=\"text-align: center;\">Rozmery sa m\u00f4\u017eu mierne l\u00ed\u0161i\u0165 od uveden\u00fdch +\/- 2cm.<\/p>\n<p style=\"text-align: center;\"><strong>\u00a0<\/strong><\/p>\n<p>&nbsp;<\/p>\n<table>\n<tbody>\n<tr>\n<td width=\"302\">Meno modela<\/td>\n<td width=\"302\">\u0160aty Greta Sequin<\/td>\n<\/tr>\n<tr>\n<td width=\"302\">Farba<\/td>\n<td width=\"302\"><span style=\"font-size: 10pt;\">Zlat\u00fd<\/span><\/td>\n<\/tr>\n<tr>\n<td width=\"302\">Ozdoby<\/td>\n<td width=\"302\">Flitre<\/td>\n<\/tr>\n<tr>\n<td width=\"302\">ve\u013ekosti<\/td>\n<td width=\"302\">34 36 38 40<\/td>\n<\/tr>\n<tr>\n<td width=\"302\">M\u00f3da<\/td>\n<td width=\"302\">Zhoda<\/td>\n<\/tr>\n<tr>\n<td width=\"302\">Materi\u00e1l<\/td>\n<td width=\"302\">Visk\u00f3za, polyester, bavlna<\/td>\n<\/tr>\n<tr>\n<td width=\"302\">D\u013a\u017eka<\/td>\n<td width=\"302\">Pred kolenom<\/td>\n<\/tr>\n<\/tbody>\n<\/table>\n<p>&nbsp;<\/p>\n<p style=\"text-align: center;\">Aby ste si vybrali\u00a0<strong>perfektn\u00e9 \u0161aty<\/strong>\u00a0kontaktujte n\u00e1s pros\u00edm telefonicky alebo cez n\u00e1\u0161 facebook.<br \/>\nN\u00e1\u0161 t\u00edm v\u00e1m pom\u00f4\u017ee\u00a0<strong>Vyberte si ten spr\u00e1vny<\/strong>\u00a0.\u00a0<strong>Na \u017eelanie kupuj\u00faceho vyrob\u00edme ak\u00e9ko\u013evek \u0161aty\u00a0<\/strong><strong>opatrne mera\u0165.\u00a0<\/strong><\/p>\n<div class=\"additional-details\">\n<p style=\"text-align: center;\">\n<\/div>","protected":false},"excerpt":{"rendered":"<p>Sukienka Cekinowa Z\u0142ota Greta Cekinowa mini sukienka na szerokich rami\u0105czkach, z ornamentem ze z\u0142otych cekin\u00f3w, to model, kt\u00f3ry idealnie sprawdzi si\u0119 zar\u00f3wno na imprezach, jak i eleganckich uroczysto\u015bciach. Wykonana z przyjemnego, elastycznego materia\u0142u, \u015bwietnie dopasuje si\u0119 do sylwetki, a fantazyjny wz\u00f3r z z\u0142otych i brokatowych cekin\u00f3w, naszytych na be\u017cow\u0105 siateczk\u0119, optycznie wyszczupli i podkre\u015bli kobiece<\/p>\n<div class=\"klb-readmore post-buttons\"><a class=\"button black outline size-sm\" href=\"https:\/\/madelinefashion.pl\/sk\/sukienka-cekinowa-zlota-greta\/\">\u010c\u00edta\u0165 \u010falej <i class=\"klbth-icon-right-arrow\"><\/i><\/a><\/div>","protected":false},"featured_media":96539,"template":"","meta":[],"product_brand":[],"product_cat":[124,395,558,569],"product_tag":[262,445],"class_list":{"0":"post-96550","1":"product","2":"type-product","3":"status-publish","4":"has-post-thumbnail","6":"product_cat-sukienki-okolicznosciowe","7":"product_cat-nowosci","8":"product_cat-sukienki-cekinowe","9":"product_cat-sukienki-dopasowane","10":"product_tag-sukienki-krotkie","11":"product_tag-sukienki-zlote","13":"first","14":"instock","15":"purchasable","16":"product-type-variable"},"_links":{"self":[{"href":"https:\/\/madelinefashion.pl\/sk\/wp-json\/wp\/v2\/product\/96550","targetHints":{"allow":["GET"]}}],"collection":[{"href":"https:\/\/madelinefashion.pl\/sk\/wp-json\/wp\/v2\/product"}],"about":[{"href":"https:\/\/madelinefashion.pl\/sk\/wp-json\/wp\/v2\/types\/product"}],"wp:featuredmedia":[{"embeddable":true,"href":"https:\/\/madelinefashion.pl\/sk\/wp-json\/wp\/v2\/media\/96539"}],"wp:attachment":[{"href":"https:\/\/madelinefashion.pl\/sk\/wp-json\/wp\/v2\/media?parent=96550"}],"wp:term":[{"taxonomy":"product_brand","embeddable":true,"href":"https:\/\/madelinefashion.pl\/sk\/wp-json\/wp\/v2\/product_brand?post=96550"},{"taxonomy":"product_cat","embeddable":true,"href":"https:\/\/madelinefashion.pl\/sk\/wp-json\/wp\/v2\/product_cat?post=96550"},{"taxonomy":"product_tag","embeddable":true,"href":"https:\/\/madelinefashion.pl\/sk\/wp-json\/wp\/v2\/product_tag?post=96550"}],"curies":[{"name":"pracovn\u00fd list","href":"https:\/\/api.w.org\/{rel}","templated":true}]}}

Zlaté flitrové šaty Greta

<h3 style="text-align: center;">Zlaté flitrové šaty Greta</h3>
<p style="text-align: center;">Flitrové minišaty so širokými ramienkami a zlatým flitrovým ornamentom sú modelom, ktorý sa bude hodiť ako na párty, tak aj na elegantné oslavy. Z príjemného pružného materiálu sa skvele prispôsobí postave a efektný vzor zlatých a trblietavých flitrov našitý na béžovej sieťke opticky zoštíhli a zvýrazní ženské tvary, vďaka čomu budete vyzerať úchvatne! Šaty sa zapínajú vzadu na zips, majú výstrih do V, ako na chrbte, tak aj vpredu, kde je výstrih navyše prehĺbený, vďaka tylovej vsadke, ktorá krásne a decentne zvýrazní poprsie. Určite sa v nej budete cítiť elegantne a zmyselne, upútate všetky pohľady! <span style="font-size: 10pt;">Krásne odhaľuje ženské tvary.. </span><span style="font-size: 10pt;">Zoznámte sa s našou ponukou <strong><a href="https://madelinefashion.pl/sk/sukienki-i-kombinezony/sukienki-okolicznosciowe/">večerné šaty</a> a vyberte si model, </strong>v ktorom budete <strong>vyzerať ako hviezda a vyčnievať z davu. Minišaty sa vo svetle lámp rozprávkovo trblietajú. </strong>Nemôžete byť k tomu ľahostajní.<strong> Šaty v krátkej verzii nad kolená </strong></span><span style="font-size: 10pt;">Šaty majú vpredu všité košíčky, takže nemusíte nosiť podprsenku. Vyrobené a šité v Poľsku. <strong>Šaty </strong>k dispozícii </span><span style="font-size: 10pt;"> vo veľkostiach <strong>34, 36, 38</strong> , <strong>40</strong>  </span><span style="font-size: 10pt;"><strong> </strong> Dostupné na našom e-shope vo viacerých farebných variantoch, tak neváhajte a vyberte si tú, ktorá je pre vás ako stvorená. Ak sa neviete rozhodnúť akú farbu, <strong>veľkosť</strong> je pre vás to najlepšie <strong>kontaktuj nás</strong> cez <a href="https://www.facebook.com/madelinefashionbutik" target="_blank" rel="noopener">Facebook</a> alebo <a href="https://madelinefashion.pl/sk/kontakt/">telefón</a>. Ak veľkosť nie je na stránke, kontaktujte nás. </span></p>
<h3 style="text-align: center;">ROZMERY šiat:</h3>
<table width="556">
<tbody>
<tr>
<td><strong>VEĽKOSŤ</strong></td>
<td><strong>poprsia</strong></td>
<td><strong>Pás</strong></td>
<td><strong>Boky</strong></td>
</tr>
<tr>
<td><strong>34</strong></td>
<td>84-86</td>
<td>64-68</td>
<td> 82-90</td>
</tr>
<tr>
<td><strong>36</strong></td>
<td>88-90</td>
<td>68-72</td>
<td> 86-92</td>
</tr>
<tr>
<td><strong>38</strong></td>
<td>92-94</td>
<td>72-76</td>
<td> 90-96</td>
</tr>
<tr>
<td><strong>40</strong></td>
<td>96-98</td>
<td>76-80</td>
<td> 94-106</td>
</tr>
</tbody>
</table>
<p style="text-align: center;">  celková dĺžka cca 95 cm</p>
<p style="text-align: center;">Šaty sú dostupné aj v iných farbách - odporúčame vám zoznámiť sa s našimi ďalšími produktmi.</p>
<p style="text-align: center;">Rozmery sa môžu mierne líšiť od uvedených +/- 2cm.</p>
<p style="text-align: center;"><strong> </strong></p>
<p>&nbsp;</p>
<table>
<tbody>
<tr>
<td width="302">Meno modela</td>
<td width="302">Šaty Greta Sequin</td>
</tr>
<tr>
<td width="302">Farba</td>
<td width="302"><span style="font-size: 10pt;">Zlatý</span></td>
</tr>
<tr>
<td width="302">Ozdoby</td>
<td width="302">Flitre</td>
</tr>
<tr>
<td width="302">veľkosti</td>
<td width="302">34 36 38 40</td>
</tr>
<tr>
<td width="302">Móda</td>
<td width="302">Zhoda</td>
</tr>
<tr>
<td width="302">Materiál</td>
<td width="302">Viskóza, polyester, bavlna</td>
</tr>
<tr>
<td width="302">Dĺžka</td>
<td width="302">Pred kolenom</td>
</tr>
</tbody>
</table>
<p>&nbsp;</p>
<p style="text-align: center;">Aby ste si vybrali <strong>perfektné šaty</strong> kontaktujte nás prosím telefonicky alebo cez náš facebook.<br />
Náš tím vám pomôže <strong>Vyberte si ten správny</strong> . <strong>Na želanie kupujúceho vyrobíme akékoľvek šaty </strong><strong>opatrne merať. </strong></p>
<div class="additional-details">
<p style="text-align: center;">
</div>

<p>Sukienka Cekinowa Złota Greta Cekinowa mini sukienka na szerokich ramiączkach, z ornamentem ze złotych cekinów, to model, który idealnie sprawdzi się zarówno na imprezach, jak i eleganckich uroczystościach. Wykonana z przyjemnego, elastycznego materiału, świetnie dopasuje się do sylwetki, a fantazyjny wzór z złotych i brokatowych cekinów, naszytych na beżową siateczkę, optycznie wyszczupli i podkreśli kobiece</p>
<div class="klb-readmore post-buttons"><a class="button black outline size-sm" href="https://madelinefashion.pl/sk/sukienka-cekinowa-zlota-greta/">Čítať ďalej <i class="klbth-icon-right-arrow"></i></a></div>

pracovný list
